v*a = -3*a + 8, 14 = -3*f - a. Let s be f/(-6) + 860/6. What is the highest common divisor of s and 36?
36
Let t be 4/(-4 + 8) + (-348348)/(-42). What is the highest common divisor of t and 210?
105
Let y be 1862/147*36/(-16)*-2. Let s be (17/(-2))/((-2)/4). Suppose -s = 5*k - y. Calculate the greatest common factor of k and 1.
1
Suppose 30*r = 18*r + 25*r - 312. What is the highest common factor of 93 and r?
3
Let i(j) = -j**3 + 9*j**2 - 4*j + 7. Suppose -3 = l + 3*m, -1 = -3*l - m + 6. Let t be i(l). Let g = 25 + -18. What is the highest common factor of t and g?
7
Suppose 0 = 5*w + 3 - 108. Let a be 372/w - ((-46)/14 - -3). Suppose -5*k = -5*f - 60, -3*k - k + 3*f = -45. Calculate the greatest common factor of a and k.
9
Let b(g) = -g**3 + 15*g**2 + 27*g + 36. Suppose -168 = -17*c + 87. Let z be b(c). Calculate the greatest common divisor of z and 63.
63
Suppose 0 = q + 18 - 8. Let k be (-56)/q*(-1 - -11). Suppose 35*g - 70*g - 204*g = -3346. What is the highest common factor of g and k?
14
Suppose -28*c = -1938 - 3270. What is the greatest common divisor of 992 and c?
62
Let i be -1*(2 + -3)*54. Let u(m) = 371*m + 3103. Let n be u(-8). Calculate the highest common factor of i and n.
27
Suppose 1460096 = -167*i + 354*i. What is the greatest common factor of i and 256?
128
Let l be (-70)/(-4) - (-4 + (-33)/(-6)). Let r be l/24 + -1*202/6. Let g = r + 49. What is the highest common factor of 64 and g?
16
Let q(z) be the first derivative of -3*z**2 + 36*z - 6. Let s be q(-14). Let g = 21 + -6. What is the greatest common factor of s and g?
15
Let z be ((-16)/(-40)*-6)/((-1)/115). What is the greatest common divisor of 46 and z?
46
Suppose 3*g = -2*f + 78, 26 = -g + 2*f + 6*f. Calculate the greatest common divisor of g and 4279.
11
Suppose 1612 = -4*r - 4*a, -3*r = -6*r + 2*a - 1224. Let k = -403 - r. Calculate the greatest common factor of k and 3.
3
Let y(a) be the first derivative of 1/3*a**3 + 7/2*a**2 - 6 - 34*a. Let h be y(9). What is the highest common divisor of 44 and h?
22
Let v be 1134/27 + 1/((-1)/2). Let j = -40 + v. Let x(n) = n**3 + n**2 - n + 42. Let l be x(j). Calculate the greatest common divisor of l and 63.
21
Let m(h) = 2*h**2 + 3*h - 58. Let g be m(6). Suppose 42*q = 46*q - 320. Calculate the greatest common factor of g and q.
16
Suppose -18 = -4*h + 2. Suppose -44 = -d - 4*b, -h*d + 101 = 4*b - 87. Let a(i) = 10*i + 326. Let f be a(7). Calculate the greatest common divisor of d and f.
36
Let q(f) = -98*f + 735. Let x be q(3). Calculate the greatest common factor of x and 5537.
49
Suppose 5*q + 26 = 36. Suppose 8 = -q*u + 3*u. Suppose 2*y - u = 6. What is the highest common divisor of 77 and y?
7
Let z be (-2)/(-8) - (-78)/8. Suppose -4*q + 15*d + 5556 = 18*d, -4*q - 4*d + 5560 = 0. Suppose 4*b = z*b - q. Calculate the highest common factor of b and 21.
21
Let n be (-3)/(3 - 120/35). Let z = n - -65. Suppose -3*h = -o - 4*o - 565, 3*o + 375 = 2*h. What is the greatest common divisor of h and z?
36
Let n = -165 + 265. Let b be 8/6 + n/60. Calculate the highest common factor of b and 39.
3
Let z = 12783 + -11259. What is the highest common factor of 48 and z?
12
Let t(m) = -3 - 22 + 4*m + 13*m + 2*m**2 + 15*m. Let r be t(-17). Suppose -3 = l, r*p - 6*p - 207 = -3*l. Calculate the highest common factor of 6 and p.
6
Suppose -3*d + 1040*f + 505 = 1044*f, -d + f = -173. Calculate the highest common factor of 3819 and d.
57
Suppose 22*p = -3*s + 27*p + 3900, 5*p = -2*s + 2575. Calculate the greatest common divisor of s and 105.
35
Let v(h) = h**3 + 6*h**2 + 5*h - 2. Let j be v(-4). Suppose -5*a = o + j, -6*o - a + 36 = -2*o. Calculate the greatest common divisor of 15 and o.
5
Let d = -34 + 28. Let i be 11 - (3/(-5) - d/(-15)). Suppose -12*t = -13*t + i. Calculate the highest common factor of t and 132.
12
Let d(f) = -f**3 + 38*f**2 - 27*f - 161. Let j be d(37). What is the highest common factor of j and 11?
11
Let t(p) = -p**2 + 5*p + 34. Let k(b) = b**2 - 5*b - 33. Let c(x) = -4*k(x) - 3*t(x). Let q be c(7). Calculate the highest common divisor of 64 and q.
16
Let k be 2/5 + 78/5. Suppose -k*n + 13*n + 246 = 0. What is the greatest common factor of n and 205?
41
Suppose -97 = -u - 83. Suppose a + 10 = 3*c - u, -3*a + 54 = 5*c. Calculate the greatest common divisor of c and 63.
9
Let u(a) = a**2 + 10*a + 11. Let f be u(-9). Suppose -4*y = j, f*y = j - y - 35. Let p = 21 - j. What is the greatest common divisor of 2 and p?
1
Suppose -156*b - 36 = -162*b. Suppose f - 4*j = -b*j + 3, -15 = -4*f - 5*j. Calculate the highest common factor of f and 2.
1
Let n(m) = m**2 + 14*m - 396. Let h be n(-32). What is the greatest common factor of 165 and h?
15
Let l = -701 + 944. Suppose -b = -5*a + 100, -8*a + 3*a + 3*b + 110 = 0. Suppose a = o - 8. What is the highest common divisor of l and o?
27
Let j be (-6)/(30/6 + -4). Let x be 19/((-2)/j*57/133). Calculate the greatest common divisor of x and 21.
7
Let c(p) = 18*p**2 + 13*p - 15. Let q be c(5). Suppose -12*x + 8*x = -q. Calculate the greatest common factor of x and 5.
5
Let i(f) = -15*f + 8 - 2*f + 31*f. Let l be i(5). Let g be ((-48)/(-10))/((-56)/(-70)). Calculate the greatest common divisor of g and l.
6
Suppose -50*t + 55*t - 60 = 0. Let o be (2/(-3))/(10/(-1005)*1). Let v = o + -55. Calculate the highest common divisor of v and t.
12
Let g = -125 + 145. Suppose 1716 = 6*c + g*c. What is the highest common divisor of c and 4?
2
Let u(j) = -j**3 - 3*j**2 - 7*j - 11. Let p be u(-2). Let a be 4 + p*-10*13. What is the greatest common factor of a and 469?
67
Let c be (10/(-6))/(30/(-16)*84/7371). What is the greatest common divisor of 9204 and c?
78
Let s(j) = -4*j + 35. Suppose 0 = -4*x + 32 - 0. Let g be s(x). Suppose -g*r + 80 = c, r + 3 = 4*r. Calculate the highest common divisor of c and 7.
7
Suppose -5*w + 350 + 15 = 0. Let t be ((-8)/(-6))/((-38)/57) - -1170. Calculate the greatest common divisor of w and t.
73
Let k be (-2 + -51)/(4/12). Let y = k + 320. Let u(a) = 63*a - 292. Let n be u(5). What is the highest common factor of y and n?
23
Suppose t + 16 = 4*u, 5*u - 4 - 1 = 5*t. Suppose -3*j - 65 = -f + 19, -5*j = -t*f + 322. Calculate the highest common divisor of f and 195.
39
Suppose 195*o - 99*o - 37840 = 91*o. What is the greatest common divisor of 264 and o?
88
Let r(n) = -n**2 + 170*n - 269. Let p be r(39). Calculate the greatest common factor of 176 and p.
88
Suppose -3*k = 2*o - 73, 17*k - 14*k = -15. Suppose -42*h = -33*h - 2772. Calculate the highest common divisor of o and h.
44
Let j be 30/195 - 35952/(-39). Suppose -20*k + 378 = -j. Calculate the highest common factor of k and 715.
65
Suppose -5*t + 471 = 2*l, -5*t + 163 = -4*l + 1150. Calculate the highest common factor of 783 and l.
27
Let x = -835 - -1210. Calculate the highest common factor of x and 5.
5
Let i = 213 - 174. Suppose 24*m - 37*m = -i. Let j = 11 + -5. Calculate the greatest common factor of j and m.
3
Suppose -d = 2*y - 2, -2*d - 4*y = -y - 9. Suppose 352 = d*j - j. Let q(u) = 19*u**2 - 3*u - 2. Let g be q(-2). What is the greatest common factor of j and g?
16
Let x = -5788 + 5854. What is the highest common divisor of x and 1034?
22
Suppose -290*p + 35805 = -213*p. What is the greatest common factor of 75 and p?
15
Let f be (-128070)/(-20)*2/(-3). Let k be 4/16 - (-1 - f/(-12)). What is the greatest common divisor of k and 204?
51
Let f(z) = 2*z**3 + 28*z**2 + 83*z + 40. Let o be f(-10). What is the highest common divisor of 290 and o?
10
Suppose 77*c - 81*c + 936 = 0. Suppose 18*d - 44*d + c = 0. Calculate the highest common factor of 5 and d.
1
Let q be (-3 + -4)*(2/(-3)*3 - 1). What is the highest common divisor of q and 93?
3
Let o be (-14)/((-460)/450 + 1). Calculate the highest common divisor of o and 350.
70
Suppose -2*l + 18 = 2*q - 22, -5*l - 4*q = -94. What is the highest common divisor of 25634 and l?
14
Let y be (-64)/(-36) - (5 + (-141)/27). Suppose -248 = -2*l + 2*n, -161 = -l + y*n - 36. What is the highest common divisor of 656 and l?
41
Let u(f) = 471*f**2 - 26*f - 26. Let i be u(-1). Let l = 481 - i. What is the greatest common divisor of 90 and l?
10
Let p(s) = s**2 - 15*s + 65. Suppose 416 = 3*v - 29*v. Let l be p(v). Calculate the greatest common divisor of 34 and l.
1